is u(-26)?
154
Let x(d) = 2011*d**2 + 8041*d - 7. Calculate x(-4).
5
Let g(a) = a**3 + 17*a**2 + 45*a + 52. Determine g(-15).
-173
Let c(p) = p**3 + 3*p**2 - 111*p - 950. Calculate c(-11).
-697
Let m(u) = -4*u**3 + 39*u**2 + 79*u - 259. Give m(11).
5
Let c(u) = -24*u**3 + 101*u**2 - 6*u - 55. Determine c(4).
1
Let w(x) = -118215*x - 118199. Determine w(-1).
16
Let k(n) = -n**2 + 671*n + 421067. Calculate k(-395).
-3
Let d(p) = 16*p**2 - 90*p - 29. Calculate d(-9).
2077
Let o(x) = -5*x**2 + 3404*x + 339140. What is o(769)?
11
Let s(h) = h**2 - 103*h - 6108. Calculate s(122).
-3790
Let s(k) = k**2 + 28*k - 120. Give s(0).
-120
Let w(d) = 2*d**3 + 71*d**2 + 470*d - 2207. What is w(-23)?
208
Let j(m) = m**3 + 530*m**2 + 38570*m + 12868. What is j(-443)?
21
Let s(i) = -16*i**3 - 318*i**2 - 537*i + 260. Calculate s(-18).
206
Let d(t) = 9110*t - 163980. Determine d(18).
0
Let v(r) = -918*r - 560001. Give v(-610).
-21
Let z(g) = -343076*g - 4116907. Give z(-12).
5
Let h(q) = 311*q - 10149. Give h(30).
-819
Let b(i) = -521*i + 4224. Calculate b(8).
56
Let x(d) = -2*d**2 + 458*d - 25683. Determine x(133).
-147
Let t(r) = -116*r + 6500. Give t(70).
-1620
Let f(t) = 253*t**2 - 47*t. Calculate f(3).
2136
Let h(q) = -q**3 + 62*q**2 - 782*q - 26. Calculate h(44).
414
Let n(j) = -2*j**3 + 13*j**2 + 367*j + 5081. What is n(21)?
-1
Let m(d) = -36727*d - 73095. Determine m(-2).
359
Let r(m) = 9848*m - 216713. Calculate r(22).
-57
Let o(r) = 3427*r + 34683. Calculate o(-10).
413
Let w(m) = 1454*m + 7036. What is w(-4)?
1220
Let n(s) = -s**3 + 30*s**2 + 121*s - 118. What is n(-5)?
152
Let z(l) = l**3 - 274*l**2 + 2644*l - 1043. What is z(264)?
13
Let z(a) = -292*a - 35687. Calculate z(-122).
-63
Let u(o) = -766*o + 1505. What is u(2)?
-27
Let h(b) = 113*b**3 + 111*b**2 - 35*b - 6. Give h(-1).
27
Let c(k) = 2*k**2 - 458*k + 21115. Calculate c(165).
-5
Let j(g) = 974*g - 890. Calculate j(-2).
-2838
Let l(j) = 10994*j + 1187344. What is l(-108)?
-8
Let v(c) = -2*c**3 + 116*c**2 + 102*c + 597. Give v(59).
-347
Let z(d) = -d**2 + 45*d - 6. What is z(8)?
290
Let n(b) = b**3 + 1542*b**2 - 169428*b + 11504. Calculate n(-1645).
-11
Let w(s) = 36*s**2 - 4487*s - 13780. Give w(-3).
5
Let t(m) = -975*m**2 - m - 7. Give t(-2).
-3905
Let f(m) = m**3 - 72*m**2 - 109*m + 2694. Give f(73).
66
Let x(m) = 25578*m - 76746. Determine x(3).
-12
Let w(o) = -649*o - 176622. Determine w(-272).
-94
Let d(b) = -2447327*b - 66077832. Determine d(-27).
-3
Let k(v) = 676*v**2 - 10*v - 8. What is k(1)?
658
Let h(a) = 110*a**2 + 779*a - 3308. Calculate h(3).
19
Let z(i) = -76699*i + 1303886. Determine z(17).
3
Let s(m) = -5*m**3 + 496*m**2 + 4174*m - 188. What is s(107)?
-81
Let q(t) = 18*t**2 + 91*t - 185. Calculate q(-7).
60
Let w(b) = 16681*b + 250223. Determine w(-15).
8
Let m(a) = 4*a**3 - 65*a**2 + 17260*a - 275912. What is m(16)?
-8
Let m(f) = -9*f**3 + 68*f**2 + 365*f - 347. What is m(11)?
-83
Let a(u) = 4*u**3 + 68*u**2 + 215*u + 127. Give a(-3).
-14
Let i(n) = n**2 + 57*n - 13067. What is i(96)?
1621
Let a(o) = 36262*o + 145038. Give a(-4).
-10
Let p(j) = -j**3 + 89*j**2 - 362*j + 8935. Give p(86).
-9
Let v(p) = 946*p + 257318. Calculate v(-272).
6
Let s(r) = 72*r**2 + 101*r - 82. Calculate s(3).
869
Let w(t) = t**3 - 4*t**2 + 153*t - 1109. Determine w(8).
371
Let t(d) = d**3 + 13*d**2 - 236*d - 10. What is t(-24)?
-682
Let x(v) = 8*v**2 - 66*v + 373. Give x(6).
265
Let z(q) = -q**3 + 18*q**2 - 125*q - 106. Determine z(14).
-1072
Let u(r) = -2*r**3 - 620*r**2 - 22967*r - 1408. Give u(-267).
-73
Let i(l) = -974*l + 353. Give i(0).
353
Let i(q) = q**2 + 107*q + 3572. Determine i(-41).
866
Let t(d) = d**2 + 1016*d - 26017. What is t(25)?
8
Let j(q) = 192*q - 31318. Determine j(162).
-214
Let k(c) = -1709*c - 297003. Give k(-174).
363
Let a(c) = 112060*c + 560751. What is a(-5)?
451
Let m(g) = -10607*g - 190933. Determine m(-18).
-7
Let u(t) = -50*t**3 + 2*t**2 + 1016*t + 4133. Calculate u(-4).
3301
Let t(j) = 2*j**3 + 22*j**2 + 204*j - 9. What is t(-7)?
-1045
Let t(l) = 29144*l - 291453. Give t(10).
-13
Let d(f) = 8*f**3 - 142*f**2 + 382*f - 773. What is d(15)?
7
Let a(t) = -t**3 + 191*t**2 - 4007*t - 36. Calculate a(24).
-12
Let m(y) = 2*y**2 - 1034*y + 20841. Determine m(21).
9
Let d(f) = -f**3 - 224*f**2 + 7*f + 1366. Determine d(-224).
-202
Let p(g) = -g**3 + 38*g**2 - 576*g + 94564. Give p(57).
1
Let k(v) = 7746*v - 139335. What is k(18)?
93
Let u(p) = -366*p - 7045. What is u(-19)?
-91
Let b(c) = 24*c**3 - 52*c**2 + 268*c - 811. Determine b(3).
173
Let j(z) = 1358*z + 239021. Determine j(-176).
13
Let j(p) = -2678*p - 26764. Give j(-10).
16
Let l(z) = 666*z + 190017. Determine l(-286).
-459
Let i(j) = -j**2 - 13321*j + 226722. Give i(17).
-24
Let f(s) = s**3 + 18*s**2 + 50*s - 84. Calculate f(-12).
180
Let h(p) = 9712*p - 242823. Give h(25).
-23
Let n(v) = -v**2 + 12658*v - 1727762. Give n(138).
-2
Let u(q) = 260*q - 6314. Calculate u(24).
-74
Let d(b) = 36*b**2 + 435*b + 1723. What is d(-4)?
559
Let m(n) = 5*n**3 - 17*n**2 - 70*n + 79. Determine m(5).
-71
Let n(w) = 3*w**2 + 216*w - 3153. What is n(-84)?
-129
Let g(a) = 10*a**2 + 777*a - 2699. Give g(-78).
-2465
Let p(t) = -17*t + 3070. Calculate p(82).
1676
Let s(p) = p**3 + 33*p**2 - 150*p + 3300. Calculate s(-39).
24
Let d(m) = 27888*m - 660. Calculate d(0).
-660
Let x(a) = -160*a**2 + 48721*a + 172167. Give x(308).
-5
Let t(p) = -3078*p - 1212716. Determine t(-394).
16
Let d(p) = -p**3 - 5*p**2 - 3*p - 59. What is d(-10)?
471
Let y(u) = -18*u**2 + 277*u + 11465. Determine y(34).
75
Let x(y) = y**3 - 1222*y**2 + 6105*y + 8. Calculate x(5).
108
Let p(h) = -5*h**3 + 52*h**2 + 42*h - 41. What is p(9)?
904
Let n(k) = -649*k - 32541. Calculate n(-50).
-91
Let l(j) = 145*j**2 - 645*j. Calculate l(4).
-260
Let n(k) = -18*k**2 + 35*k + 84. Determine n(6).
-354
Let j(p) = 51002*p + 102008. Calculate j(-2).
4
Let f(u) = -242781*u - 1456682. Determine f(-6).
4
Let j(l) = -l**3 + 46*l**2 + 1905*l - 87439. Calculate j(43).
23
Let u(k) = k**2 - 7*k - 285. Determine u(-12).
-57
Let t(w) = -w**3 + 23*w**2 + 74*w + 20. Determine t(25).
620
Let z(g) = -3*g**2 + 2040*g + 29734. Calculate z(-14).
586
Let y(p) = -64*p**2 - 222*p - 222. Determine y(-1).
-64
Let l(h) = 752*h + 96387. Calculate l(-125).
2387
Let q(t) = 1007*t - 518. Give q(1).
489
Let p(o) = o**2 + 7325*o + 1174405. Give p(-164).
1
Let n(b) = -78195*b - 22754735. Give n(-291).
10
Let p(k) = 110*k - 1090. Give p(12).
230
Let s(z) = 4*z**3 - 161*z**2 + 179*z - 19. Give s(1).
3
Let j(a) = -20032*a + 1261910. Determine j(63).
-106
Let k(v) = -2*v**3 - 186*v**2 + 5064*v + 460. Give k(-115).
0
Let r(h) = -h**3 + 18*h**2 - 554*h + 4757. What is r(10)?
17
Let f(v) = -20175*v - 80705. Calculate f(-4).
-5
Let f(k) = 11*k**3 + 115*k**2 + 22*k + 141. Determine f(-11).
-827
Let m(s) = 2065*s**2 - 125972*s + 34. Determine m(61).
-393
Let x(n) = -7*n**3 - 465*n**2 - 234*n - 2377. What is x(-66)?
-1
Let l(n) = -4298*n + 11871. Give l(3).
-1023
Let w(v) = -21593*v - 302294. What is w(-14)?
8
Let g(i) = -845*i - 124936. What is g(-148)?
124
Let d(b) = 1625*b + 175488. What is d(-108)?
-12
Let c(y) = -17*y**3 - 101*y**2 + 26*y + 111. Determine c(-6).
-9
Let m(w) = -2257*w + 4408. Calculate m(3).
-2363
Let j(n) = -59*n**2 - 1343*n - 209. What is j(-24)?
-1961
Let l(s) = -s**2 - 83*s + 6195. Determine l(46).
261
Let g(h) = -12*h**3 - 245*h**2 - 129*h - 372. What is g(-20)?
208
Let x(p) = -1568415*p + 86262823. Determine x(55).
-2
Let w(g) = -14*g**2 + 1333*g + 21039. Determine w(109).
2
Let c(u) = -103*u - 4127. Calculate c(-53).
1332
Let g(z) = 2*z**3 - 72*z**2 - 144*z + 15139. What is g(30)?
19
Let u(r) = -114*r - 6554. Give u(-53).
-512
Let p(s) = 2*s**2 - 106*s - 29. Determine p(0).
-29
Let t(v) = -3313*v**3 - 6626*v**2 + 122*v + 239. Calculate t(-2).
-5
Let b(h) = -18*h**3 - 280*h**2 + 121*h - 201. Calculate b(-16).
-89
Let w(g) = 2*g**2 - 13*g + 12. Determine w(17).
369
Let z(g) = -13*g**2 + 1447*g - 27590. What is z(19)?
-4790
Let y(q) = q**3 + 705*q**2 - 5736*q + 255. Calculate y(8).
-1
Let t(z) = -3*z**2 - 50*z - 426. Calculate t(-19).
-559
Let q(k) = -109*k + 503. Determine q(5).
-42
Let u(w) = -w**3 + 38*w**2 - 22*w - 72. Calculate u(38).
-908
Let q(t) = 76*t - 9412. Determine q(134).
772
L